- (-15)/(-3)) + 16. Let o = q + -14. What is the units digit of o?
1
Suppose 4*c - 8 = -3*r, -r + 4*c = c + 6. Suppose -5*h = -r*h - 15. Suppose -h*k = k - 112. What is the units digit of k?
8
Suppose 5*x - 10 = -i, -4*i + 5 = 5*x + 10. Let c be x + (6/3 - 1). Suppose -c*n + 2*n = -48. What is the tens digit of n?
2
Suppose 2*l = -b + 30, -4*b - b + 144 = 4*l. Let m = -24 + b. Let x = m + 21. What is the units digit of x?
5
Let s(c) = 41*c**2 - c + 1. Suppose 40 = l + 4*l - 5*t, l + 12 = -4*t. Suppose 5*a = l*a + 1. What is the units digit of s(a)?
1
Let p = -100 + 112. Suppose p*q = -7 + 19. What is the units digit of q?
1
Suppose x + 6 = -2*x. What is the tens digit of 3*62/(-8)*8/x?
9
What is the units digit of ((-2794)/33 - 0)/(1/(-9))?
2
Let o = -127 - -216. Let q = o + -29. Suppose 0 = 5*u - 50 - q. What is the units digit of u?
2
Suppose 4*f = -4*l + 396, 0 = -3*l - 3*f - 2*f + 295. Suppose 4*g - 94 = -4*o - o, 4*o - 3*g - l = 0. What is the units digit of (-40)/7*(-77)/o?
0
Let h(o) = 126*o - 100. What is the units digit of h(8)?
8
Let g(v) = -202*v + 97. What is the hundreds digit of g(-10)?
1
Let f be 14646/(-15) + (-12)/(-30). What is the units digit of -1 + f/(-14) - (-2)/7?
9
Suppose -118265 = -87*s + 46600. What is the hundreds digit of s?
8
Let c(m) be the first derivative of -16*m + 5*m**3 - 10 - 11/2*m**2 - 1/4*m**4. What is the units digit of c(14)?
6
Suppose 0*k + 426 = 3*d - 4*k, -4*d + 540 = 4*k. What is the units digit of d?
8
Suppose 700 = t - 3*s - 348, -t + 2*s + 1051 = 0. What is the units digit of t?
7
Suppose -6*a + 8*a = -4*h + 1520, -5*h + 5*a = -1930. What is the hundreds digit of h?
3
Let k(f) = f**3 + 10*f**2 - 12*f + 5. Let n be k(-11). What is the units digit of (n/(-4) - -4) + 21?
1
Suppose t - 5*g - 593 = 0, -2*g = 2*t - g - 1219. What is the units digit of t?
8
Let s be (1 - 0)*-4*(-2)/4. Suppose 5*h = 3*t + 2*t + 450, 5*h - s*t = 459. What is the units digit of h?
3
Let y(k) = k**2 - 2*k - 9. Let r be y(4). Let o(i) = -46*i - 1. What is the tens digit of o(r)?
4
Let i = 70 - -70. Suppose -q + 4*w = 3*q - i, 164 = 4*q + 4*w. Suppose -35*r - 57 = -q*r. What is the tens digit of r?
1
Let w = 1759 + -505. What is the hundreds digit of w?
2
Let i(p) = 499*p**2 + 15*p + 16. What is the thousands digit of i(-2)?
1
Let m(p) = -p**3 + 19*p**2 + 26*p + 23. What is the units digit of m(18)?
5
Let y(c) be the third derivative of -c**6/180 + 11*c**5/120 - c**3 - 6*c**2. Let v(a) be the first derivative of y(a). What is the units digit of v(5)?
5
Let m(t) = -t**2 + 6*t + 7. Let j be m(5). Let b(c) = 9*c - 15. Let y be b(9). Suppose -2*g + y = -j. What is the tens digit of g?
3
Let b(c) = 319*c**2 + 42*c + 41. What is the tens digit of b(-1)?
1
Suppose -14 - 2 = d. Let q = -208 + 222. Let a = q - d. What is the tens digit of a?
3
What is the units digit of (8 + -5)/(6/(-6832)*-4)?
4
Suppose 6244 + 218754 = 62*g. What is the thousands digit of g?
3
Let m(t) = 8. Let d(q) = q + 7. Let v(a) = -7*d(a) + 6*m(a). Let k = 21 - 23. What is the units digit of v(k)?
3
Suppose -49*x = -52*x + 1305. What is the units digit of x?
5
Let x(i) = 2*i**2 - 6*i + 939. What is the tens digit of x(0)?
3
Suppose -4*u - 2 = -10. Suppose -7*m + 3*m - 12 = 0, -u*m - 8 = g. What is the units digit of (14/21)/(g/(-57))?
9
Let z(j) = 110*j + 71. What is the thousands digit of z(14)?
1
Let i = -1842 - -2699. What is the hundreds digit of i?
8
What is the units digit of -5 - ((-4375)/(-5))/(-7)?
0
Suppose 4*f - 4516 = -5*b, -2*f + 3*b - 5632 = -7*f. Suppose 5*c + 3*y = 7*y + 1402, -f = -4*c + 2*y. What is the tens digit of c?
8
Let t(b) = -b + 4. Let d be t(0). Suppose d*u - 81 = u. Suppose 0 = -2*g - m + 44, 3*g - 2*g = -3*m + u. What is the tens digit of g?
2
Let p(c) = 0 + 0 + 13*c + 0. Let v = -1 + 2. What is the units digit of p(v)?
3
What is the units digit of (-123)/(-82) - 1/(-2)*12715?
9
Suppose -5*w = -5*p - 30, 44 = 5*w - p + 6. Let q = 14 + -8. Suppose q = 2*r - w. What is the units digit of r?
7
Suppose 0 = -4*g + g - 15. Let t(k) be the first derivative of -5*k**2/2 + 2*k + 2. What is the units digit of t(g)?
7
Suppose -3*w = 12, w - 25 = -2*v + v. Suppose -4*p + 4*k + v = -k, 2*p - 27 = 5*k. What is the units digit of p?
1
Suppose 4*d - 33 = d. Suppose -d + 8 = -c. Suppose -c*l - 56 = -5*j, -2*j + 19 = -2*l - 1. What is the tens digit of j?
1
Let n(f) = 5*f**3 + 4*f - 6. Suppose -3*c = 29 - 35. What is the tens digit of n(c)?
4
Suppose 368*i - 360*i - 8624 = 0. What is the tens digit of i?
7
Suppose 330*n + 14820 = 342*n. What is the units digit of n?
5
Let i be 3/(-9) - (-58)/(-6). Let u = i + -55. Let n = u - -119. What is the tens digit of n?
5
Suppose 3*w + 27*w - 7080 = 0. What is the units digit of w?
6
Suppose -22*n = -40*n + 20448. What is the tens digit of n?
3
Suppose 2*i + 131 = -349. What is the units digit of 11/((-44)/i) + 1?
1
Suppose -3*v + 5*d = -24, -2*v + 4*d + 8 = -10. Suppose -2*r = -v*l - 8, 3*r = -2*l - 3*l + 12. What is the tens digit of l + -3 - (-31 - -1)?
2
Suppose 5*a = 4*a - 3*f + 849, -a - 5*f = -859. What is the tens digit of a?
3
Let h = 5 + 0. Suppose h*o - o - 12 = 0. Suppose -o*r + 3*g = -45, -3*r = 4*g - 55 - 4. What is the units digit of r?
7
Let m(i) = 19*i**2 + 2*i - 2. Let a be m(-3). Suppose 5*p = 3 - 23, 3*o - a = -5*p. What is the units digit of o?
1
Suppose n - 648 = -2*h - 3*n, -4*h + 1296 = n. What is the tens digit of h?
2
Let j(o) = 2*o**2 + 0*o + 8 + 11 - 8*o + 4. What is the tens digit of j(-8)?
1
Let x(a) = -3*a + 18. Let o be x(5). Suppose 235 = 5*z - 4*p - 67, 3*p - 192 = -o*z. What is the tens digit of z?
6
Let i = 1103 - 516. What is the tens digit of i?
8
Let o(y) = -y + 1. Let m be o(-4). Let c(v) = -v**3 + 5*v**2 + 5. Let n be c(m). What is the tens digit of (n - 4 - 4) + 16?
1
Let a(m) = -m**2 + 1. Let y be a(-3). Let x(t) = t**3 + 8*t**2 - 9*t - 6. What is the tens digit of x(y)?
6
Suppose 5*z + 31 = 3*a, -4*a - z + 3 = -0*z. Suppose -79 = -g - 2*x, -a*g - 3*x = -0*x - 161. Let l = g - 35. What is the tens digit of l?
5
Let l(w) = 2*w - 2. Let x be l(2). Suppose 0 = 7*b - 195 + 167. Suppose b*h = -4*z + z + 125, x*z - 151 = -5*h. What is the units digit of h?
9
Let z(i) = -i**3 + 17*i**2 + i + 16. Let x(o) = -3*o**3 + 50*o**2 + 3*o + 47. Let m(n) = 6*x(n) - 17*z(n). What is the units digit of m(11)?
1
What is the units digit of -1 + 93*93/9?
0
Suppose 12138 = 4*h + v, 298*v = -5*h + 303*v + 15160. What is the tens digit of h?
3
Let g(j) = 5*j**2 - j + 1. Let i be g(-4). Let m = i - 9. What is the units digit of m?
6
What is the tens digit of 7 + 30/(3 - (-412)/(-140))?
3
Suppose 4*n = -5*d + 9 + 1, -2*n - 2*d + 4 = 0. Suppose n = z - 3*z - 5*c + 103, -4*c - 307 = -5*z. What is the units digit of z?
9
Let f be ((-12)/9)/(10/(-135)). Suppose x - 2 = 2*x. Let n = f + x. What is the tens digit of n?
1
Let u be ((-63)/(-2))/((-3)/(-6)). Let i(x) = 12*x + 12. Let k be i(-4). Let w = k + u. What is the units digit of w?
7
Let o(z) = z**3 + 36*z**2 - 41*z - 4. What is the units digit of o(-37)?
4
Suppose 14*h - 12*h = -3*d + 955, -5*h + 2356 = -3*d. What is the units digit of h?
3
Suppose -f - 3*f - 4*r + 32 = 0, -5*r = -f - 16. Let c(u) = -f*u**2 - 4*u + 9 - 4*u - u**3 + 7*u. What is the tens digit of c(-4)?
1
Let x(c) = -33*c**2 - 2*c + 7. Let o be x(2). Let q = o - -208. What is the tens digit of q?
7
Let r = -1380 - -2510. What is the thousands digit of r?
1
Let z be 9 - 8 - 188*(0 - 1). Let j = -113 + z. What is the tens digit of j?
7
Let n = 6 + -12. What is the units digit of (3 - -71)*(-1 - 9/n)?
7
Let w(b) = -7*b - 15. Let n be w(-5). What is the units digit of (64/n + -3)/(2/10)?
1
Suppose -3*i = 5*n - 6, 5*n + 4*i + 3 = 6. Suppose n*d - 84 = 414. Let l = d - 99. What is the tens digit of l?
6
Let a(w) = w**3 + 20*w**2 + 67*w + 21. What is the units digit of a(-15)?
1
Let k = 64 - -156. Suppose 7*f - 2*f - 270 = -4*d, 4*d - k = -4*f. What is the tens digit of f?
5
Suppose -14*a = 22 + 6. Suppose x = 5*x + 112. Let z = a - x. What is the tens digit of z?
2
Let a(c) = c**2 + 3*c - 3. Let r be a(-3). Suppose 9*h = h + 40. What is the units digit of (r/h)/(1/(-5))?
3
Suppose 2*n - 5*b + 2 - 5 = 0, 2*b = 4*n + 34. Let t(p) = 7*p - 163. Let x(a) = 2*a - 39. Let i(k) = 2*t(k)